e of 1900?
True
Does 7 divide 9835756?
True
Does 20 divide 176348012?
False
Is 665584488 a multiple of 1476?
True
Is 629647863 a multiple of 507?
True
Is 297450557 a multiple of 5581?
True
Is 51138980 a multiple of 318?
False
Does 3604 divide 748741812?
True
Is 460101768 a multiple of 21?
True
Is 18 a factor of 9184788?
True
Is 52063361 a multiple of 7?
True
Is 785605897 a multiple of 1601?
True
Is 212229827 a multiple of 5102?
False
Is 542 a factor of 69644733?
False
Does 747 divide 37364876?
False
Is 801 a factor of 22474458?
True
Is 1700 a factor of 47397207?
False
Is 154 a factor of 554174544?
True
Does 138 divide 591624906?
True
Does 1322 divide 16055690?
True
Is 186 a factor of 67224306?
True
Does 17 divide 19703126?
False
Is 54268607 a multiple of 11?
False
Is 24 a factor of 78002?
False
Is 3 a factor of 313294834?
False
Is 1348 a factor of 14403637?
False
Is 5 a factor of 7044534?
False
Does 276 divide 3566838?
False
Is 31860863 a multiple of 206?
False
Does 43 divide 1540774150?
False
Is 12498318 a multiple of 6?
True
Is 445907297 a multiple of 5507?
True
Is 69 a factor of 109851657?
True
Is 258800775 a multiple of 75?
True
Does 796 divide 41830596?
True
Is 71575310 a multiple of 2143?
False
Is 195 a factor of 20413625?
False
Is 7015554 a multiple of 63?
True
Is 1065679416 a multiple of 1944?
True
Is 804221805 a multiple of 15?
True
Does 7 divide 64981881?
False
Does 16 divide 1211280?
True
Is 1907379387 a multiple of 261?
True
Is 67746396 a multiple of 103?
True
Does 13 divide 79725668?
False
Is 40 a factor of 2334863560?
True
Is 193 a factor of 362045226?
True
Is 5317079250 a multiple of 318?
True
Is 217 a factor of 52431858?
False
Is 676533024 a multiple of 781?
False
Is 2398 a factor of 130304426?
False
Is 11 a factor of 2140262179?
True
Is 3220500 a multiple of 1130?
True
Is 10 a factor of 1625943?
False
Does 1331 divide 853722034?
True
Is 120359679 a multiple of 5586?
False
Is 17 a factor of 69799910?
False
Is 40 a factor of 28615162?
False
Is 9 a factor of 118854520?
False
Does 10 divide 1199057?
False
Is 8553734 a multiple of 686?
True
Is 544170263 a multiple of 213?
False
Does 2597 divide 344644530?
False
Is 3 a factor of 339982751?
False
Does 6875 divide 1535875000?
True
Does 10 divide 126162010?
True
Is 160 a factor of 58963514?
False
Does 4752 divide 29450277?
False
Is 829 a factor of 23003921?
True
Is 174454056 a multiple of 72?
True
Is 1060189221 a multiple of 13?
True
Is 95 a factor of 5339190?
True
Is 584066337 a multiple of 121?
False
Does 87 divide 5271069?
True
Does 526 divide 243957222?
True
Is 46524755 a multiple of 709?
False
Is 113 a factor of 15996665?
False
Does 7 divide 15571209?
False
Is 139 a factor of 17882767?
True
Does 6 divide 66409972?
False
Is 129733983 a multiple of 48?
False
Is 290761318 a multiple of 7?
False
Does 15 divide 1237328425?
False
Is 9 a factor of 150788038?
False
Is 80477787 a multiple of 871?
True
Is 2634347464 a multiple of 28?
True
Is 79217302 a multiple of 1495?
False
Is 112396165 a multiple of 7?
True
Is 30 a factor of 2039446756?
False
Does 2567 divide 2592039?
False
Is 87 a factor of 1099095708?
True
Is 132532315 a multiple of 95?
True
Is 29 a factor of 3750442510?
False
Does 417 divide 9249477?
True
Is 48038288 a multiple of 2407?
False
Does 49 divide 1410948875?
True
Is 22 a factor of 7743890?
True
Does 53 divide 222133971?
True
Does 19 divide 158388693?
True
Is 976 a factor of 128652669?
False
Does 11 divide 14893814?
False
Is 43 a factor of 47870834?
False
Is 34 a factor of 12312160?
False
Is 11 a factor of 3167260503?
True
Is 950 a factor of 947648750?
True
Is 40 a factor of 365091520?
True
Is 55005216 a multiple of 96?
True
Does 130 divide 41267726?
False
Is 54394161 a multiple of 780?
False
Is 6421042 a multiple of 479?
False
Is 2949458 a multiple of 41?
True
Is 8900668 a multiple of 7?
True
Is 953975 a multiple of 11?
True
Is 1734 a factor of 304335870?
False
Is 2701 a factor of 582003377?
True
Is 1787719986 a multiple of 39?
True
Is 1039866844 a multiple of 269?
True
Does 32 divide 316271168?
True
Does 2 divide 10657363?
False
Is 31 a factor of 108705220?
True
Is 17343808 a multiple of 136?
True
Does 9 divide 1198360014?
False
Is 11474344 a multiple of 214?
False
Is 4886588245 a multiple of 511?
True
Does 415 divide 11288830?
True
Is 92 a factor of 4802676?
True
Is 21 a factor of 100030126?
False
Does 15 divide 86681910?
True
Is 587327832 a multiple of 546?
True
Is 636 a factor of 3064115712?
True
Is 271850734 a multiple of 3314?
True
Is 19 a factor of 43006106?
False
Does 10 divide 963613273?
False
Is 1036 a factor of 849826325?
False
Is 1463 a factor of 226906205?
False
Is 10 a factor of 116596456?
False
Is 2630 a factor of 670446132?
False
Does 65 divide 88829246?
False
Does 40 divide 9753304?
False
Does 12 divide 1901611752?
True
Does 55 divide 28428565?
True
Does 38 divide 186434784?
False
Is 6 a factor of 730827?
False
Does 8 divide 17124760?
True
Is 968993046 a multiple of 133?
True
Is 6351854 a multiple of 590?
False
Does 14 divide 1050602322?
True
Is 1685 a factor of 159608255?
True
Does 219 divide 3210073749?
True
Is 10147308 a multiple of 12?
True
Is 16077567 a multiple of 633?
True
Does 720 divide 4839185?
False
Is 998746532 a multiple of 194?
True
Is 1661721716 a multiple of 12262?
True
Is 4622 a factor of 1487609188?
True
Is 243 a factor of 8557974?
True
Does 3454 divide 32743920?
True
Is 306249577 a multiple of 491?
False
Is 4091 a factor of 117809025?
False
Is 75 a factor of 114022157?
False
Does 59 divide 98805978?
False
Is 864513000 a multiple of 821?
True
Is 697657031 a multiple of 1006?
False
Is 803 a factor of 455775573?
True
Is 1185481111 a multiple of 99?
False
Is 628089050 a multiple of 4242?
False
Is 159885974 a multiple of 75?
False
Is 2079 a factor of 1057282061?
False
Does 39 divide 415754547?
True
Is 58 a factor of 3849631970?
True
Does 33 divide 244349721?
True
Is 22 a factor of 5246034266?
True
Is 20431939 a multiple of 24?
False
Is 971765688 a multiple of 3972?
True
Is 486354635 a multiple of 65?
True
Is 160 a factor of 3008020587?
False
Does 1004 divide 415203649?
False
Does 2022 divide 1211837458?
False
Does 32 divide 508362304?
True
Does 984 divide 677787194?
False
Is 88 a factor of 55236632?
True
Does 4251 divide 1913889471?
True
Is 47193003 a multiple of 663?
True
Is 1806 a factor of 58738344?
True
Is 389355744 a multiple of 12?
True
Is 40 a factor of 13230682?
False
Is 387397395 a multiple of 115?
True
Does 893 divide 799071340?
False
Is 11 a factor of 4399094?
False
Does 17 divide 392046980?
False
Does 116 divide 1028775464?
True
Is 1204081272 a multiple of 25?
False
Is 131558376 a multiple of 9?
False
Is 2199 a factor of 102378843?
True
Does 2081 divide 1152388273?
False
Is 46 a factor of 856240274?
True
Is 340817679 a multiple of 37?
False
Is 68804327 a multiple of 9?
False
Is 8 a factor of 1915431904?
True
Is 1100 a factor of 816099056?
False
Does 22 divide 37762545?
False
Does 1030 divide 26948920?
True
Is 167894639 a multiple of 1429?
True
Is 15097500 a multiple of 305?
True
Is 183901877 a multiple of 1369?
True
Does 88 divide 339040397?
False
Does 206 divide 13587080?
False
Is 217525068 a multiple of 1210?
False
Is 30208968 a multiple of 904?
True
Is 36 a factor of 466513043?
False
Does 3188 divide 633596732?
False
Is 3345108 a multiple of 13?
True
Does 5751 divide 661552611?
False
Does 1173 divide 39374091?
True
Is 53823146 a multiple of 26?
True
Is 16 a factor of 352828?
False
Is 2469 a factor of 812654957?
False
Does 27 divide 175952628?
True
Is 331 a factor of 14678526?
True
Is 466888127 a multiple of 740?
False
Is 60162544 a multiple of 208?
True
Is 7 a factor of 58728194?
True
Does 2989 divide 2633894294?
False
Does 13 divide 50809538?
True
Is 287267625 a multiple of 25?
True
Is 3654563552 a multiple of 3911?
True
Is 587411059 a multiple of 55?
False
Is 1815 a factor of 3283539933?
False
Does 83 divide 15660784?
False
Does 801 divide 2101824?
True
Is 192 a factor of 1062809256?
False
Does 6 divide 18029700?
True
Is 191 a factor of 71560633?
True
Does 33 divide 19203228?
True
Is 181404144 a multiple of 48?
True
Is 6761 a factor of 538931366?
False
Does 10 divide 42045507?
False
Is 1614 a factor of 20386434?
True
Is 4